tens digit of d(8)?
1
Let p(v) = 21815*v**2 - 8*v - 3. What is the ten thousands digit of p(-2)?
8
Let l(m) = m**3 - 2*m. Let y be l(2). Suppose -y*z + 2 = -2*a, 3*z + 2 = a + 4*z. What is the tens digit of (-1 + 3)*a - -43?
4
Let w be 2/4*-2 - (44 + -45). Suppose w = 4*d - 29*d + 37825. What is the tens digit of d?
1
Let l = 44946 + -10968. What is the hundreds digit of (4/(-2))/((-84)/l)?
8
Suppose -3*d - 13 = -4*j, 11*d + 10 = 5*j + 6*d. Suppose 11*u - 548 = j*u. What is the tens digit of u?
3
Suppose -62 = -7*n + 36. Let t be -1 + 4 - (-1064)/n. Let p = t + -5. What is the units digit of p?
4
Let u be (-1275)/(-9) - 0 - 6/9. Suppose -u - 66 = -3*w. What is the tens digit of w?
6
Suppose 703 = p - 5*n - 625, 4*p = 3*n + 5278. Let z = p + -624. What is the tens digit of z?
9
Let l(o) = 32*o + 61. Let u(s) = -s + 3. Let d(b) = -l(b) - 3*u(b). What is the hundreds digit of d(-21)?
5
Let s = -74 - -74. Suppose 5 + 20 = r + 5*g, r - 5*g + 15 = s. Suppose 4*l - 77 = -r. What is the units digit of l?
8
Suppose 5269 = 5*u - 0*z - 2*z, 0 = 5*u + 5*z - 5290. Let q = 1585 - u. Suppose -3*p + q - 80 = 0. What is the units digit of p?
0
Let d be -21 - -20 - 1*-2903. Suppose d = 13*x - 3377. What is the units digit of x?
3
Suppose 8*i + 269*i - 8406950 = 0. What is the tens digit of i?
5
Let g be ((-65)/15 - -5) + (-424)/(-3). Suppose p + 61 = f - 2*f, -g = 2*p - 3*f. Let r = p - -199. What is the hundreds digit of r?
1
What is the units digit of -1 + 1411 - (20 - 44/2)?
2
Let f(y) = -1867*y + 2145. What is the ten thousands digit of f(-6)?
1
Let v be 26/(-3)*1*165/(-10). Let o be (80/(-50))/(v/(-145) - -1). Let y = o - -163. What is the tens digit of y?
4
Let b = 77 + -73. Suppose 0 = -b*m, 2*y + 7*m = 2*m + 456. Suppose j = -3*a + 364, -2*a - 3*j + y = -6*j. What is the units digit of a?
0
Let l be -3 + 2/(-4) + 7845/(-30). Let m = l - -742. What is the hundreds digit of m?
4
Let g = -10913 + 20755. What is the tens digit of g?
4
Suppose -4*v = 5*q + 2111, 3*v - q = 354 - 1923. Let n = 2191 + v. What is the thousands digit of n?
1
Let r be 9/6 - (-1)/(-2). Suppose 4*b = 5*z + 87, -5*z + 5*b = -0*z + 90. Let k = r - z. What is the tens digit of k?
1
Let d(s) = 423*s - 115. Let q be d(5). Let b = -1378 + q. What is the units digit of b?
2
Suppose -22*p - 21080 = -24*p + 5*y, -8 = -2*y. What is the ten thousands digit of p?
1
Let v(d) = -d**3 + 47*d**2 - 99*d - 44. Let h(b) = -6*b**3 + 236*b**2 - 494*b - 219. Let m(f) = -2*h(f) + 11*v(f). What is the tens digit of m(-47)?
8
Let w = -182 + 183. What is the hundreds digit of (-2 - 1210/15)/(w/(-3))?
2
Let o(k) = 3*k - 16. Let t(h) = -2*h**3 - 13*h**2 - 7*h. Let g be t(-6). Let y be o(g). Suppose 8*p - 190 = -y*p. What is the units digit of p?
9
Let s(k) = 33*k**2 + k**3 - 13*k - 71*k**2 + 20 + 26*k**2. Let o be s(13). Suppose -4 = -3*q + o. What is the units digit of q?
8
Suppose 17*f - 2 = 16*f. Suppose 0*m + 92 = 2*h + f*m, 4*m = h - 26. Let v = h + 29. What is the units digit of v?
1
Let v(d) be the first derivative of d**4/2 + 29*d**3/3 - 16*d**2 - 4*d - 114. What is the tens digit of v(-10)?
1
Let a be (-1 + (-94)/4)*(-73 + 59). What is the hundreds digit of 1*a + (-7 - -13)?
3
Let m be ((-360)/(-42))/((-3)/21). Let b be (1 - 0 - 4) + m/(-3). Suppose b*w = 23*w - 1266. What is the hundreds digit of w?
2
Suppose -718*s + 729*s - 528 = 0. Suppose 5*o - 25 = -2*l + 42, -5*l = -5*o - 150. Let p = s - l. What is the tens digit of p?
1
Suppose 183*l = 599*l - 23861760. What is the units digit of l?
0
Let v(x) = x**3 - 48*x**2 - 124*x + 21. What is the thousands digit of v(52)?
4
Suppose -93*g - 344718 = -69*g - 910494. What is the ten thousands digit of g?
2
Suppose -f = -4, 7*f - 27228 = -2*w + 3*f. What is the ten thousands digit of w?
1
Let l = -45 + 54. Suppose 3*a = t - 5*t + 7, 3*a = -l. What is the tens digit of (0 + -3)*(95/(-3) - t)?
0
Let y be (155 + -153)/(1/(-2 - 8)). Suppose 0 = 7*m - 3*m + o - 209, 0 = 4*m - 4*o - 184. Let x = m + y. What is the tens digit of x?
3
Let l(g) be the third derivative of 3*g**4/8 - 187*g**3/6 + 44*g**2. What is the units digit of l(40)?
3
Let o(s) = -4368*s + 2023. What is the tens digit of o(-8)?
6
Suppose 3*w = 4*v - 8*v - 15, -2*v + 5*w = -25. Suppose 2*l - x - 2820 = v, 2*l + 2*x - 2836 = -x. What is the hundreds digit of l?
4
Suppose -356 + 2228 = 16*k. Let x = k + -120. What is the units digit of (-1026)/4*2/x?
1
Suppose 37*i - 41071 = 28*i + 2*s, -22805 = -5*i - 5*s. What is the units digit of i?
3
Let c = 15 + -12. Suppose -d - 1067 = -4*t, -9*t + c*d = -14*t + 1321. What is the hundreds digit of t?
2
Suppose -87*p + 101*p = -12810. Let v = 1704 + p. What is the units digit of v?
9
Let d(u) = u**3 - 2*u**2 + 4*u - 4. Let m be ((-110)/(-25) - 4)*5. Let z be d(m). Let t(a) = -2*a**2 + 8*a + 5. What is the units digit of t(z)?
5
Suppose -55*z + 19018 + 145487 = 0. What is the thousands digit of z?
2
Let g = 8 - 173. Suppose u = 4*z + 15, -2*z + u - 3 = 6. What is the hundreds digit of 25/(15/z) - g?
1
Let u(n) = -928*n**3 - n**2 + 10*n + 20. What is the units digit of u(-3)?
7
Suppose 3*p - 2*d - 3577 = 3*d, -5*d = -2*p + 2393. Suppose 7*a + p = 15*a. What is the hundreds digit of a?
1
Let y(u) = -u**3 + 12*u**2 - 26*u - 13. Suppose 102 = 4*c + 70. What is the units digit of y(c)?
5
Suppose 8*u - 3*u = 5. Let j(p) = -2 - 1 + 83*p + 5. What is the units digit of j(u)?
5
Suppose -m + 4*c = -1408, 4*m - 753 = -c + 4845. Suppose 9*s = -s + m. Suppose 4*v = -2*z + 130, -5*v + s = -0*z - 5*z. What is the tens digit of v?
3
Let j be ((-8)/8)/((4/2398)/(-2)). Suppose -4*g + 3*u + 174 + 784 = 0, 3*u = 5*g - j. What is the hundreds digit of g?
2
Suppose -9*t + 4989 = 1731. What is the tens digit of t?
6
Let g be ((-71)/(-3))/(9/(-81)). Suppose -2*s - 357 = 3*p, 4*p + s - 2*s + 487 = 0. Let n = p - g. What is the tens digit of n?
9
What is the thousands digit of (-12)/4*4 - (-95 - 49908)?
9
Let x = -6 - 352. Let d = 635 + x. What is the tens digit of d?
7
Let m(h) = -3*h + 34. Let d be m(7). Suppose -3908 = -d*n - 164. Suppose 0*z + 3*z = n. What is the units digit of z?
6
Let o be 45/(-6)*356/(-5). Let f = 143 + o. What is the tens digit of f?
7
Suppose 120393 = 741*f - 702*f. What is the hundreds digit of f?
0
Let d = -58096 - -97220. What is the ten thousands digit of d?
3
Let f = 214 - 143. Let u = f - 70. What is the tens digit of (9/9)/(u/40)?
4
Suppose t = -11*r + 8*r - 95, -3*r + 3*t = 111. Let l = r + 177. What is the tens digit of l?
4
Suppose 0 = 5*q + 3*r - 7828 - 16187, r = -q + 4805. Suppose -741 = -j + 3*h, -5*j + q = -4*h + 1106. What is the hundreds digit of j?
7
Suppose 4*m - 22147 = 3101 + 7152. What is the hundreds digit of m?
1
Let k(d) = -d**3 + 12*d**2 + 13*d + 40. Let a be k(13). What is the units digit of (-2)/4 + 19380/a?
4
Let m = 65768 - -3023. What is the hundreds digit of m?
7
Suppose 0 = 3*j - 5*n - 13946, -47*j + 48*j = 2*n + 4647. What is the units digit of j?
7
Suppose 45 = -3*d + 3*i - 6*i, 2*d + 4*i + 24 = 0. Let u be 45/18*(d/(-10) + -1). Suppose -u*r + 83 = 2*n - 51, 3*r = -n + 207. What is the units digit of r?
0
Let f = 22 - 17. Suppose 0*s + f*s - l = 14, 0 = s + 2*l + 6. What is the units digit of (-4 + -9)*(s - 11)?
7
Suppose 0 = -3*s + 3*y + 53043, 3*s - 28*y = -31*y + 53085. What is the hundreds digit of s?
6
Suppose -u + 4*v = 12, -4*v + 1 = 3*u - 27. Let y be 19/(u - (4 - -1)). What is the units digit of (-418)/y - 0/(-1)?
2
Let y = -3433 - -5194. Suppose -3*b + 2375 = 4*x + 2*b, -3*x + 3*b = -y. What is the hundreds digit of x?
5
Let m be (-1 + -75)*(567/36)/(-21). Suppose 9*u = 777 - m. What is the units digit of u?
0
Let t(h) = -h**3 + 9*h**2 + 8*h + 20. Let q be t(10). Suppose -17*c + 14796 + 1405 = q. What is the tens digit of c?
5
Let r(j) = j**3 - 2*j**2 + 2*j - 4. Let l be r(2). Suppose h - 3*o = -0*h + 217, l = -3*h - 2*o + 706. What is the units digit of h?
2
Let u(f) = 2*f - 53. Let r be u(5). Let j = 20 - r. What is the units digit of j?
3
Let a(g) = -419*g**3 - 3*g**2 - 2*g + 4. Let c be a(-2). Let x = c - 2223. What is the hundreds digit of x?
1
Let r be 18/27*(-4 + 1). Let c be (120/96)/(r/(-24)). Suppose 0 = -c*i - 809 + 3434. What is the hundreds digit of i?
1
Suppose -18*h + 711727 + 1778619 = 40*h. Wha